est common factor of 7900974 and 4687.
109
What is the highest common divisor of 635992 and 8856?
328
What is the highest common factor of 122560 and 144490?
10
Calculate the highest common factor of 2074666 and 36300.
242
Calculate the highest common divisor of 4538014 and 2054.
26
Calculate the greatest common factor of 248 and 1606916.
124
What is the highest common factor of 470407122 and 54?
54
What is the greatest common divisor of 2830208 and 992?
32
Calculate the highest common divisor of 1612164 and 2664.
444
What is the highest common factor of 54170035 and 1745?
1745
Calculate the greatest common divisor of 313 and 1892711.
313
What is the greatest common factor of 218745564 and 24?
12
What is the greatest common divisor of 3717 and 58108923?
531
Calculate the greatest common divisor of 891 and 333261.
27
What is the highest common divisor of 4764 and 11643?
3
Calculate the highest common factor of 11205649 and 1235.
247
Calculate the greatest common divisor of 181773 and 227601.
171
What is the highest common divisor of 17356410 and 120?
30
What is the highest common divisor of 55804422 and 18?
6
Calculate the highest common divisor of 66 and 440466510.
66
What is the greatest common factor of 3799 and 2622751?
131
What is the highest common divisor of 6525 and 304587?
261
Calculate the highest common divisor of 91409 and 761311.
323
Calculate the greatest common divisor of 71136 and 152854.
26
What is the highest common divisor of 44 and 4555364?
44
What is the highest common divisor of 1385 and 212606364?
277
What is the highest common factor of 11877 and 2857473?
111
What is the greatest common divisor of 753595 and 253?
23
Calculate the highest common divisor of 16853 and 4843907.
887
What is the greatest common divisor of 1057242912 and 396?
132
What is the greatest common divisor of 205434225 and 2025?
2025
Calculate the greatest common factor of 28767060 and 248829.
6069
What is the greatest common divisor of 21893852 and 418?
38
What is the greatest common divisor of 3 and 3721703?
1
What is the greatest common divisor of 814 and 17247402?
74
What is the greatest common factor of 3968300 and 750?
50
What is the greatest common divisor of 62288 and 20536?
136
What is the highest common divisor of 41927151 and 340?
17
What is the highest common divisor of 15132 and 1002612?
156
Calculate the greatest common factor of 40332708 and 897.
897
What is the highest common divisor of 2128970 and 590?
10
What is the greatest common divisor of 3857 and 897522?
19
Calculate the greatest common factor of 246224 and 2453.
11
What is the greatest common factor of 170 and 13339628?
34
What is the greatest common divisor of 3465 and 362565?
315
Calculate the greatest common factor of 45720515 and 52083.
643
What is the greatest common factor of 65556932 and 84?
28
What is the greatest common divisor of 11521710 and 270774?
5526
Calculate the highest common factor of 20367415 and 213.
71
Calculate the greatest common divisor of 28 and 14762664.
28
Calculate the highest common factor of 1837281 and 6.
3
Calculate the greatest common factor of 63421236 and 47.
47
What is the greatest common divisor of 348 and 274068?
12
Calculate the highest common factor of 8248734 and 1989.
117
Calculate the highest common factor of 1084 and 404018453.
271
What is the greatest common divisor of 115 and 54310130?
115
What is the highest common factor of 8056 and 301358?
106
Calculate the greatest common factor of 218178276 and 276.
276
Calculate the highest common divisor of 145527118 and 2090.
418
Calculate the highest common divisor of 284451857 and 2729.
2729
What is the highest common factor of 7 and 5123083?
7
What is the highest common divisor of 10912856 and 72?
8
Calculate the greatest common factor of 16009 and 1036011.
2287
Calculate the highest common divisor of 2805 and 165165.
165
What is the greatest common divisor of 13735 and 118255?
335
Calculate the greatest common factor of 4112658 and 5922.
18
Calculate the greatest common factor of 6930482 and 1118.
1118
What is the highest common divisor of 501011 and 38?
19
What is the greatest common factor of 95837 and 293909?
7
Calculate the greatest common divisor of 2793 and 23580123.
147
Calculate the greatest common factor of 10200 and 83743275.
1275
What is the greatest common factor of 4112 and 3870677?
257
Calculate the greatest common factor of 111252 and 54750.
438
Calculate the greatest common factor of 631512 and 99.
9
Calculate the highest common divisor of 30 and 279453890.
10
Calculate the greatest common factor of 26350 and 30362.
34
Calculate the highest common divisor of 10669713 and 3.
3
What is the greatest common divisor of 406224 and 28756?
364
What is the highest common factor of 11358 and 5831702?
1262
Calculate the greatest common divisor of 10989 and 364672.
407
What is the greatest common divisor of 121927 and 23944089?
1079
What is the highest common divisor of 4545 and 2147765?
505
Calculate the highest common divisor of 2587311 and 1633.
71
What is the highest common divisor of 1183563 and 369?
9
Calculate the highest common factor of 15 and 671565.
15
What is the greatest common divisor of 2146521 and 13317?
69
Calculate the highest common divisor of 5716926 and 1909.
23
Calculate the greatest common factor of 40 and 12840136.
8
What is the greatest common divisor of 371888 and 1144?
88
Calculate the highest common divisor of 35874 and 11574.
18
Calculate the greatest common factor of 1370472 and 408.
408
Calculate the highest common divisor of 92593389 and 441.
147
Calculate the greatest common divisor of 4547012 and 199420.
236
Calculate the greatest common divisor of 76010 and 560401.
691
Calculate the greatest common divisor of 6853890 and 98790.
2670
What is the greatest common divisor of 171 and 45448437?
57
What is the highest common divisor of 1599954 and 88134?
222
What is the greatest common divisor of 1053 and 2503071?
9
Calculate the highest common factor of 40 and 7527544.
8
What is the highest common factor of 4941 and 71309?
61
Calculate the greatest common factor of 42984 and 27170664.
4776
What is the highest common factor of 706650 and 7560?
210
Calculate the greatest common divisor of 24851587 and 23272.
2909
Calculate the highest common divisor of 693 and 23013606.
231
What is the highest common factor of 4426562 and 980?
98
Calculate the greatest common divisor of 56500014 and 762.
762
What is the greatest common factor of 204 and 44122956?
204
Calculate the greatest common factor of 63138 and 44166.
102
What is the greatest common divisor of 628 and 21472105?
157
What is the highest common factor of 7853680 and 12700?
2540
Calculate the greatest common factor of 222268 and 398200.
724
What is the greatest common divisor of 886792764 and 444?
444
Calculate the highest common factor of 63 and 47980233.
63
What is the highest common factor of 102915464 and 2161?
2161
What is the highest common divisor of 1472 and 47606464?
64
Calculate the highest common factor of 98128286 and 1392.
58
Calculate the highest common divisor of 104 and 6709274.
26
What is the greatest common divisor of 17457 and 827871?
33
What is the greatest common factor of 7438389 and 21?
21
Calculate the highest common divisor of 1764 and 17158428.
1764
Calculate the highest common divisor of 30651 and 40235748.
1803
Calculate the highest common divisor of 2921009 and 2457.
91
What is the highest common factor of 1057 and 128734597?
151
What is the greatest common divisor of 84 and 1324332?
12
What is the highest common divisor of 996 and 3411060?
12
Calculate the highest common factor of 6582 and 56496597.
3291
What is the greatest common factor of 4665600 and 1152?
1152
Calculate the highest common divisor of 5325462 and 12.
6
Calculate the highest common factor of 4 and 626239.
1
What is the greatest common factor of 4144 and 35814464?
112
Calculate the highest common divisor of 29337814 and 220.
22
What is the greatest common divisor of 2168 and 26694042?
542
Calculate the greatest common divisor of 18556445 and 950.
95
Calculate the highest common factor of 719690 and 7900.
790
What is the highest common factor of 25307667 and 297?
297
What is the highest common divisor of 1